).
92
Let h(n) = -n**2 + 85*n + 945. Give h(-10).
-5
Let s(w) = -w**3 - 78*w**2 - 11*w - 856. Give s(-78).
2
Let q(c) = -c**2 + 39418*c - 118251. What is q(3)?
-6
Let h(l) = -2*l**2 + 90*l - 1298. What is h(14)?
-430
Let g(x) = -664*x + 4014. Calculate g(6).
30
Let c(y) = 10*y**3 + 129*y**2 - 16*y - 42. Give c(-13).
-3
Let s(t) = -94*t - 1968. Give s(-19).
-182
Let m(z) = 1246*z + 2497. Give m(-2).
5
Let l(a) = -a**3 + 35*a**2 - 246*a - 93. Determine l(25).
7
Let b(l) = 120*l + 2395. What is b(-20)?
-5
Let h(l) = 819*l - 52423. Give h(64).
-7
Let n(u) = 27*u + 274. Calculate n(-15).
-131
Let z(j) = j**3 - 4*j**2 - 180*j + 691. Determine z(4).
-29
Let f(w) = -5*w**2 - 50*w + 22. Determine f(-7).
127
Let o(h) = -h**3 + 11*h**2 + 59*h - 392. Determine o(13).
37
Let k(s) = -31*s - 1. Give k(-10).
309
Let c(t) = 49*t + 327. Give c(-6).
33
Let a(m) = 2*m**3 + 46*m**2 - 150*m - 1. Determine a(3).
17
Let j(o) = -29*o - 40. What is j(-1)?
-11
Let f(v) = -2*v**3 - 36*v**2 - 38*v - 151. Determine f(-15).
-931
Let m(z) = 4*z**2 + 7*z + 7. Determine m(4).
99
Let n(g) = -226*g**2 + 38*g - 36. What is n(1)?
-224
Let x(t) = 114*t + 12867. Give x(-113).
-15
Let g(l) = -82*l - 193. What is g(-3)?
53
Let x(u) = -21*u + 31. Determine x(1).
10
Let p(j) = -2*j**3 - 42*j**2 + 44*j + 16. Determine p(-22).
16
Let q(k) = -24*k**2 + 547*k + 111. Determine q(23).
-4
Let f(z) = z**3 - 74*z**2 + 2*z + 6. Determine f(0).
6
Let z(b) = -b**3 + 49*b**2 - 49*b + 4. Determine z(48).
-44
Let g(s) = 48*s**2 - 314*s - 35. Determine g(7).
119
Let q(n) = -18*n**2 + 36*n - 28. What is q(3)?
-82
Let z(r) = -24*r - 424. Give z(-12).
-136
Let y(s) = -2*s**2 + 27*s + 2995. Determine y(46).
5
Let h(x) = 15*x**3 + 3*x**2 - 2*x - 2. Determine h(2).
126
Let o(h) = 3*h**3 + 21*h**2 + 56*h + 48. Calculate o(-3).
-12
Let g(f) = 65*f + 811. Give g(-12).
31
Let z(d) = 3*d**2 - 30*d + 103. What is z(8)?
55
Let s(h) = -h**3 + 13*h**2 - 36*h + 88. What is s(12)?
-200
Let h(y) = -117*y + 806. Calculate h(10).
-364
Let t(h) = h**3 - 19*h**2 + 89*h - 47. Calculate t(12).
13
Let r(y) = -y**3 - 14*y**2 + 45*y + 894. What is r(-11)?
36
Let b(y) = -15*y - 53. Calculate b(16).
-293
Let s(u) = u**2 - 2212*u + 4428. What is s(2)?
8
Let q(i) = 8*i**2 - 34*i - 68. Calculate q(-2).
32
Let i(v) = v**3 - 152*v**2 - 1968*v - 12. Calculate i(-12).
-12
Let o(b) = 299*b - 21233. Give o(71).
-4
Let u(b) = 3*b**2 + 34*b - 100. Give u(3).
29
Let o(k) = -k**3 + 53*k**2 - 568*k - 67. Give o(38).
9
Let t(k) = -228*k + 1823. Calculate t(8).
-1
Let l(v) = -2*v**3 + 170*v**2 - 332*v + 14. Determine l(83).
14
Let r(b) = -b**3 + 29*b**2 + 93*b + 101. Calculate r(32).
5
Let g(a) = 62*a**3 + a**2 + 2*a - 2. Calculate g(1).
63
Let m(b) = b**3 + 295*b**2 - 303*b - 2051. Calculate m(-296).
21
Let w(f) = 2*f**2 - 36*f + 196. Determine w(18).
196
Let c(l) = 2*l**3 - 80*l**2 - 66*l - 18. Give c(41).
638
Let b(f) = 44*f**2 - 29*f + 24. Determine b(1).
39
Let j(k) = k**3 - 4*k**2 - 18. What is j(8)?
238
Let d(c) = 153*c + 29081. What is d(-190)?
11
Let c(f) = -2*f**3 - 21*f**2 + 15*f - 6. What is c(-11)?
-50
Let k(t) = -3*t**2 - 52*t - 4. Determine k(-23).
-395
Let y(v) = -251*v - 44448. Determine y(-177).
-21
Let w(f) = 83*f + 502. Determine w(-6).
4
Let k(l) = -2*l**3 - 75*l**2 + 41*l + 127. What is k(-38)?
13
Let h(x) = -5*x**3 + x**2 + 2. Calculate h(-3).
146
Let u(c) = -2*c**3 + 685*c**2 + 372*c - 9939. Calculate u(343).
8
Let d(q) = -q**2 - 101*q - 101. Give d(-1).
-1
Let w(h) = -17*h + 789. What is w(52)?
-95
Let o(z) = 29*z**2 - 799*z - 2135. Give o(30).
-5
Let s(l) = 868*l + 6943. Give s(-8).
-1
Let f(o) = -68*o + 1920. Determine f(26).
152
Let z(h) = -86*h + 505. What is z(7)?
-97
Let w(v) = -v**2 + 67*v - 574. What is w(57)?
-4
Let x(w) = 98*w - 382. What is x(3)?
-88
Let q(w) = w**2 - 36*w - 85. Determine q(39).
32
Let u(k) = k**3 - 23*k**2 + 2*k + 115. Give u(22).
-325
Let x(w) = -36*w + 810. Calculate x(21).
54
Let o(g) = -g**3 + 43*g**2 - 438*g + 1450. What is o(30)?
10
Let k(y) = -5*y + 64. Determine k(12).
4
Let t(g) = -g**3 - 10*g**2 - 116*g - 1746. Calculate t(-12).
-66
Let q(g) = 27*g**2 + g - 1. What is q(3)?
245
Let z(k) = -2*k**2 - 10*k + 5718. Determine z(51).
6
Let y(k) = k**2 - 1243*k + 7424. Determine y(6).
2
Let n(q) = q**3 + 15*q**2 - 17*q - 70. Give n(-16).
-54
Let m(g) = 10553*g + 200513. Determine m(-19).
6
Let f(p) = -p**3 - 100*p**2 - 678*p + 6. Determine f(-7).
195
Let s(c) = 1884*c + 3787. Give s(-2).
19
Let k(w) = -23*w + 754. Determine k(33).
-5
Let h(w) = -w**3 - 2*w**2 + 58*w + 239. What is h(-4)?
39
Let f(x) = 52*x - 157. Determine f(6).
155
Let n(k) = -85*k - 1102. What is n(-13)?
3
Let u(w) = 7*w**3 - 1403*w**2 - 805*w + 141. Give u(201).
-60
Let t(r) = 16*r - 24. Determine t(-11).
-200
Let b(x) = 7*x**2 + 216*x - 53. Calculate b(-31).
-22
Let p(r) = 3*r**3 - 180*r**2 - 185*r + 82. Give p(61).
-40
Let l(d) = 290*d + 2036. What is l(-7)?
6
Let o(x) = -2*x**3 + 17*x**2 + 36*x + 25. Determine o(11).
-184
Let y(f) = 154*f - 2325. Determine y(15).
-15
Let y(f) = f**2 - 2*f - 8. Give y(0).
-8
Let x(v) = v**2 + 123*v - 1301. Give x(-131).
-253
Let m(v) = -674*v - 11485. Give m(-17).
-27
Let y(o) = -26*o + 103. What is y(5)?
-27
Let a(o) = -5*o**3 - 45*o**2 - 17*o - 148. Give a(-9).
5
Let p(d) = -d**2 + 21*d - 109. What is p(7)?
-11
Let n(v) = -20*v**2 - 46*v - 26. Give n(-5).
-296
Let z(u) = -u - 73. Calculate z(-69).
-4
Let w(l) = -l**2 + 30*l + 970. Determine w(-22).
-174
Let l(z) = -8*z**3 - 3*z**2 - z + 5. What is l(2)?
-73
Let k(g) = -30*g**2 + 5879*g + 191. What is k(196)?
-5
Let d(m) = m**2 - 21*m + 94. Determine d(9).
-14
Let v(l) = 8*l**2 - 17*l - 121. Calculate v(5).
-6
Let y(g) = 2*g**2 - 44*g - 8. What is y(21)?
-50
Let x(m) = -11492*m - 34510. Give x(-3).
-34
Let x(v) = 5*v**3 + 237*v**2 + 101*v + 31. Give x(-47).
-298
Let i(b) = b**2 - 497*b - 5069. Determine i(-10).
1
Let l(q) = -q**2 + 84*q + 4725. Calculate l(123).
-72
Let h(n) = n**2 - 320*n + 3148. Determine h(10).
48
Let o(a) = -a**3 - 2*a**2 + 3*a + 28. Determine o(-4).
48
Let u(q) = -q**2 + 10*q - 2. Calculate u(-6).
-98
Let c(y) = 30*y**3 - 5*y**2 - 9*y + 21. Calculate c(3).
759
Let z(c) = 2*c**2 + 177*c - 2069. What is z(-99)?
10
Let c(q) = -28*q**3 + 8*q**2 + 12*q + 4. Determine c(-1).
28
Let h(l) = l**3 - 19*l**2 - 66*l + 825. Calculate h(20).
-95
Let u(w) = -57*w + 613. Determine u(12).
-71
Let i(d) = -9*d - 85. What is i(11)?
-184
Let z(n) = -n**3 - 68*n**2 - 540*n - 529. What is z(-59)?
2
Let c(i) = -105*i - 8295. What is c(-79)?
0
Let y(a) = -a**3 + 131*a**2 - 980*a - 13. Calculate y(8).
19
Let t(d) = -2*d - 156. What is t(-20)?
-116
Let u(v) = 2*v**3 + 13*v**2 + 446*v + 3177. Determine u(-7).
6
Let w(b) = 3*b**3 - 6*b**2 - 85*b + 227. What is w(3)?
-1
Let l(s) = 6*s**3 - 56*s**2 - 225*s - 8. Give l(-3).
1
Let a(r) = r**3 - 25*r**2 + 203*r - 487. Calculate a(9).
44
Let g(f) = -12*f**2 + 151*f - 69. Calculate g(12).
15
Let m(x) = -x**2 - 1137*x + 2280. Calculate m(2).
2
Let v(x) = 2*x**3 - 305*x**2 + 148*x + 491. Determine v(152).
-117
Let j(o) = -27*o**2 - 310*o + 163. Calculate j(-12).
-5
Let s(r) = -r**3 + 10*r + 75. Determine s(5).
0
Let q(f) = f**2 + 39*f + 83. What is q(-3)?
-25
Let s(c) = -c**2 - 26*c + 128. Give s(4).
8
Let k(j) = -j**3 + 32*j**2 - 18*j + 560. What is k(32)?
-16
Let g(r) = -3*r**3 + 35*r**2 - 26*r - 12. Give g(11).
-56
Let t(q) = -780*q**2 - 1565*q - 3. Determine t(-2).
7
Let u(m) = -m**2 + 7*m + 15. Give u(12).
-45
Let z(h) = -h**3 - 89*h**2 - 207*h - 10473. Give z(-88).
-1
Let d(k) = -k**2 + 21*k - 112. Give d(7).
-14
Let a(v) = v**3 + 39*v**2 + 75*v + 66. Calculate a(-37).
29
Let m(f) = -2*f**3 - 7*f**2 + 10*f + 18. Give m(-5).
43
Let m(v) = 83*v - 256. Give m(3).
-7
Let t(v) = 5*v**2 + 222*v - 141. Give t(-45).
-6
Let g(x) = 7*x**2 - 27*x - 27. Determine g(6).
63
Let q(w) = w**3 - 20*w**2 + 95*w + 20. Calculate q(9).
-16
Let a(k) = 10*k**2 - 403*k + 83. Calculate a(40).
-37
Let u(n) = -13*n**3 + 202*n**2 - 110*n + 76. Calculate u(15).
1
Let j(n) = -n**3 - 15*n**2 - 17*n + 94. What is j(-13)?
-23
Let r(y) = -104*y + 99. Calculate r(1).
-5
Let b(o) = -o**3 - 40*o**2 + 762*o + 322. What is b(-54)?
-2
Let f(t) = 112*t - 1. Determine f(-1).
-113
Let g(p) = -66*p - 324. Determine g(-5).
6
Let g(p) 